tors of w(m).
3, 13
Suppose -6*i + i = 5. Let g(b) = 990*b - 24. Let q(x) = 201*x - 5. Let f(h) = -8*g(h) + 39*q(h). What are the prime factors of f(i)?
2, 3, 13
Let v = 469 + -467. Let t(d) = -8*d**3 - 2*d**2 + 2*d. Let x be t(-2). Suppose 2*m + v*f = 52, -f - 47 = -4*m + x. List the prime factors of m.
5
Let o = -18479 - -32327. What are the prime factors of o?
2, 3, 577
Suppose 230748 = 3*b + 8*d, 2 = -3*d + 20. List the prime factors of b.
2, 5, 769
Let f = -84 + 131. Suppose p = 2*w - f, -p + w = 4*w + 57. Let b = 43 - p. List the prime factors of b.
2, 47
Suppose 20*d + 135 = 21*d. Suppose x - d = 10*x. What are the prime factors of (-591)/(-15) + (-9)/x?
2, 5
Let b(z) = 5*z**2 + 6*z - 4. Let t = -61 - -58. Let i be b(t). Suppose -i - 418 = -3*q - 5*a, -3*a = 2*q - 294. What are the prime factors of q?
3, 7
Let c(a) = -43*a + 71. Let d be c(-6). Suppose 6*p = -d + 2837. List the prime factors of p.
2, 11, 19
Let m be 5/15 - (-48)/18. Suppose 0 = u + m*j + 11 - 192, -5*j + 179 = u. What are the prime factors of u?
2, 23
Let x be 0*(10/6 - (-21)/(-18)). Suppose 4*r + 4*k - 2104 = x, 3*r + 5*k - 652 = 918. List the prime factors of r.
2, 5, 53
Suppose 8 = 4*p - 3*p. Let g be (-80)/24 + 2 - (-16)/3. Suppose g*n - p*n = -20. What are the prime factors of n?
5
Let a be (-4)/5 - -1 - 9/(-5). Suppose 5*n - 2*f - 59 = 0, -2*n - 6*f + a*f + 14 = 0. Let t(c) = -c + 19. List the prime factors of t(n).
2
Let m(i) = -i**2 + 8*i + 6. Let o be m(8). Suppose -o*j + 2372 = 452. List the prime factors of j.
2, 5
Let t be ((-12)/(-2) + -12)/(2/2). Let g be 12/36 - 88/t. Suppose g*n + 1447 = 4312. List the prime factors of n.
191
Suppose 0*p + 10712 = 2*p + 4*q, 0 = -4*p + 5*q + 21463. What are the prime factors of p?
2, 7, 383
Suppose 0 = -80*f + 71*f + 83574. List the prime factors of f.
2, 4643
Suppose -4*m = -2*n - 12, -6*m - 12 = -4*n - 10*m. List the prime factors of 15239/28 - n - (-2)/(-8).
2, 17
Let o = 4316 - 1007. What are the prime factors of o?
3, 1103
Let l be 67 - (3 - 1/1). Suppose -4*s + 340 = 4*i - 0*s, i - l = 4*s. List the prime factors of i.
3
Let n be (1/(-1)*-2)/((-1)/(-2)). What are the prime factors of (8 - 348/48) + 633/n?
3, 53
Let j(m) = -2*m**2 + 2*m + 464. Let y = -471 - -471. What are the prime factors of j(y)?
2, 29
Let s(x) = -3*x**3 - x**2 - 2. Let n be s(-4). Suppose -2*l - n = l. Let g = l - -97. What are the prime factors of g?
3, 13
Suppose 4*q + 3 = -9, 0 = 2*s - 4*q - 7922. Suppose 0 = -92*t + 99*t - s. List the prime factors of t.
5, 113
Let z = 49 + -53. Let a(x) = x**3 + 5*x**2 + 6*x + 4. Let b be a(z). Let p(w) = -19*w - 17. What are the prime factors of p(b)?
59
What are the prime factors of 1554540/180 - 4/(-6)?
3, 2879
Suppose 0 = -5*c - 2*j + 332, -3*c + 2*j + 154 = -42. What are the prime factors of 30/(1 + c/(-84))?
2, 5, 7
Let r = -28 - -44. Suppose -k = -m - 428, -13*k + r*k = 5*m + 1276. List the prime factors of k.
2, 3
Let i = -18 + 20. Suppose z = -13 + 18, -1179 = -i*w - z. What are the prime factors of w?
587
Suppose 162*l - 163*l = 5*x - 18548, 5*l + 10 = 0. List the prime factors of x.
2, 5, 7, 53
What are the prime factors of ((-3)/(-9))/((112/5928)/14)?
13, 19
Let l = 2059 - 1. Suppose -42*x + l = -35*x. List the prime factors of x.
2, 3, 7
Suppose 0 = -d + 3*m + 17, -3*d - 9 = -5*d + m. Suppose -18*z + d*f = -20*z + 3072, 6145 = 4*z + 3*f. List the prime factors of z.
29, 53
Let y(s) = -s**3 + 115*s**2 - 19*s + 3531. What are the prime factors of y(112)?
5, 37, 211
Let s(x) = -51*x + 6. Let d be s(-13). Let z = -286 + d. List the prime factors of z.
383
Suppose -6*x + 2945 = -x. Let a = -220 + x. List the prime factors of a.
3, 41
Suppose -876 = 4*h + 4*i, 6*h = 8*h - 2*i + 426. Let j = h + 270. List the prime factors of j.
2, 3
Let q(a) = 62*a**3 - 9*a**2 + 32*a - 129. What are the prime factors of q(4)?
3823
Let s(a) = -21*a - 67. Suppose 16*d - 15*d + 16 = 0. What are the prime factors of s(d)?
269
Suppose -3*w - 15 = 0, -q - 4*w = 4*q + 20. Suppose q = -d - 2*d. Suppose 0 = -r + 2 - d. What are the prime factors of r?
2
Let h be 1/(4 - (-2327)/(-582)). Suppose h = 5*i - 5*c - 1188, -692 = -2*i - 2*c. What are the prime factors of i?
2, 5, 7
List the prime factors of ((-16317)/666)/(2/(-1564)).
7, 17, 23
Let b be ((-2012)/(-12))/(-5 + (-148)/(-30)). What are the prime factors of 5/((-100)/b)*4?
503
Suppose 34*i = 26*i - 47*i + 256960. List the prime factors of i.
2, 73
Let q(l) = l**3 + 23*l**2 - 26*l - 46. Let n be q(-24). Suppose 2*y - 664 = -10*g + 8*g, -668 = -n*y + 2*g. List the prime factors of y.
3, 37
Suppose 5*m + 12248 = 13*m. Let q = -695 + m. List the prime factors of q.
2, 11, 19
Let b = -26749 + 42844. List the prime factors of b.
3, 5, 29, 37
Let m = -371 - -236. Let v = m - -257. Suppose -4*i = a - 86, a - 4*i - i = v. What are the prime factors of a?
2, 3, 17
Let g(j) = 25*j**3 + j**2 - 2*j + 2. Let o be g(1). Suppose -6*h + 4*h = a + 44, -3*a = -2*h + 92. Let m = o - a. What are the prime factors of m?
2, 3, 5
Let q(v) = -v**2 - 15*v - 117. Let k be q(-10). Let f = k - -241. List the prime factors of f.
2, 3, 29
Let f(z) be the third derivative of z**5/60 - 4*z**3/3 - z**2 - 43*z. What are the prime factors of f(7)?
41
Let r(v) = 1 + 6*v + 10*v - 4 - 23*v. Let q = 30 + -43. List the prime factors of r(q).
2, 11
Suppose 2*v = 1 + 1. Let r(t) be the third derivative of 15*t**4/8 - 5*t**3/6 - 30*t**2. What are the prime factors of r(v)?
2, 5
Let o(g) = g**3 - 144*g**2 + 300*g + 883. What are the prime factors of o(142)?
5, 631
Let v = -122 - -24143. What are the prime factors of v?
3, 17, 157
Let p(m) = 672*m - 8332. List the prime factors of p(46).
2, 5, 1129
Suppose -2*o + 3*n = -1490 - 493, -2976 = -3*o + 5*n. Let i = 1658 + -1652. Suppose i*x - o = -x. List the prime factors of x.
3, 47
Let h = 104 - 109. List the prime factors of 2 + h + -1 - (0 + -486).
2, 241
Suppose 2*h = -12*h - 13496. Let y = -346 - h. What are the prime factors of y?
2, 3, 103
Let f(p) be the first derivative of 5*p**3 + 2*p**2 - 3*p - 22. Let w be f(1). Let t = 112 - w. What are the prime factors of t?
2, 3
Suppose 5*u - 20424 = -5*q + 29341, 3*u - 39806 = -4*q. What are the prime factors of q?
7, 29
Let w = -1351 + 11098. List the prime factors of w.
3, 19
Let v = -16622 - -25524. List the prime factors of v.
2, 4451
Let w be 1 + 266 + (-2)/6*-9. Suppose f + 81 = h - 1, w = 3*h + 5*f. Let a = h + -36. List the prime factors of a.
7
Suppose -39*u + 43*u - 1560 = 0. Let o = -24 + u. List the prime factors of o.
2, 3, 61
Suppose -8385 = -3*k - s, -k + 1755 = 4*s - 1040. Suppose -11*g - 2*g + k = 0. List the prime factors of g.
5, 43
Suppose 3*a - 3*v + 10 = -7*v, 4 = -4*a - 3*v. Let w(o) = 28*o - 83. Let s be w(3). Suppose 2 = 3*r - s, -587 = -a*g + 5*r. What are the prime factors of g?
2, 37
List the prime factors of (-864)/(-56) + -15 + 45/(-7) - -22742.
2, 7, 29
Let u = 26190 + -18153. List the prime factors of u.
3, 19, 47
Let l = -53 + 57. Let m(c) = c**3 - 8*c**2 + c - 10. Let b be m(8). What are the prime factors of (-24)/b - (l - 5)?
13
Let y be 97 + ((-4)/(-1) - 3). Let i = 258 - y. What are the prime factors of 2/(3 - 475/i)?
2
Let y(m) = -510*m + 1874. List the prime factors of y(-7).
2, 1361
Suppose -d + 799 + 1442 = 0. Suppose 4*l - 8*l = g - d, -1 = -g. Suppose 6*o - 34 = l. What are the prime factors of o?
3, 11
Let b(f) = 24514*f + 2385. List the prime factors of b(2).
51413
Let s = 288 + -289. List the prime factors of (1 + 158)*((-8)/12 - s).
53
Suppose 2*s - 3*m = m - 14, -4*s - m + 17 = 0. Suppose -j = s*w - 347, 5*j + 833 = 5*w + 268. Suppose -2*q + w = -11. What are the prime factors of q?
3, 7
List the prime factors of (-878)/(-3)*(-28 - (-12609)/54).
137, 439
Suppose -4*p = 30*x - 34*x - 39420, 0 = -4*p - 4*x + 39404. List the prime factors of p.
59, 167
List the prime factors of ((-1808)/(-24))/(6 - 3558/594).
2, 3, 11, 113
Let l be 2659/4 + (-4)/(-16). Suppose -22*m = -12*m - 250. Suppose -5*n + m = 0, -129 + l = 3*k + 4*n. What are the prime factors of k?
2, 43
Let d(z) = -z**3 - 6*z**2 - 4*z + 4. Let v be d(-4). Let t(b) = 70 - 12*b**2 - b - b**3 - 93 - 7*b. What are the prime factors of t(v)?
73
Let d(r) = 124*r**2 + 28*r. Let h(f) = -f**2 + f + 1. Let w(c) = d(c) + 2*